 of l(5)?
9
Suppose 2*k - 5*k + 36 = 0. Suppose 12 = -3*y - 0, 5*h + 10 = -5*y. Suppose p - h*p = -k. What is the tens digit of p?
1
Suppose 0*f - 4*f = 0. Suppose 3*q = -f*q + 57. What is the units digit of q?
9
Let v = -13 - -22. Suppose -r + 3*c = -19, c + 0 = r - v. What is the units digit of r?
4
What is the units digit of ((-1)/(-3) - 1) + (-328)/(-6)?
4
Suppose 117 = 4*n - 0*n - y, n - 27 = -2*y. Suppose 0 = -5*p + 36 + n. What is the units digit of p?
3
Let f(g) be the second derivative of g**4/6 - 7*g**3/6 + 5*g**2/2 - 3*g. What is the units digit of f(4)?
9
Suppose -9 + 0 = -h. Let x(q) = -6*q**2 + 14*q - 7. Let w(l) = -l**2 + l. Let v(k) = 5*w(k) - x(k). What is the units digit of v(h)?
7
Suppose 0 = 4*c - 2*h - 110, -5*c = h + 16 - 143. What is the units digit of c?
6
Let a(n) = -2*n + 6. What is the units digit of a(-15)?
6
Let w = -6 + 11. Suppose 0 = w*j + 4*o - o - 35, 21 = 3*j - 4*o. What is the units digit of j?
7
Let d(v) be the third derivative of v**4/24 + 2*v**3/3 - 2*v**2. What is the units digit of d(3)?
7
Let t be (-182)/(-6) + 1/(-3). What is the tens digit of (2 - (1 - 1)) + t?
3
Let m = 12 - 12. Suppose -4*o - k = -9*o + 144, -o - 4*k + 33 = m. What is the units digit of o?
9
Suppose 4*a - 214 = -42. What is the units digit of a?
3
Let b be 12/(-10)*(-10)/4. Suppose 0 = -7*x + 4*x - b*d + 27, x + 4*d = 9. Suppose 1 = 5*w - x. What is the units digit of w?
2
Let x be 2 + 1/(-1) + -13. Let d = -7 - x. Suppose 0*o = a - o, -4*a = d*o - 45. What is the units digit of a?
5
Let v(x) = 2*x - 3. Let k be v(4). Suppose 4*u = 20, -43 = -3*r - k*u + 84. What is the tens digit of r?
3
Let v(a) = -6*a - 30. What is the tens digit of v(-16)?
6
Suppose -3 = -3*s - 3*v, -4*v = -0*s - s + 11. Suppose 56 = s*c + c. What is the tens digit of c?
1
Let c = 6 + -3. Suppose z - 4 = -i, -2*z - 20 = c*z. What is the units digit of i?
8
Let j(f) = 7*f**3 - 2*f**2 + 3*f - 5. What is the hundreds digit of j(3)?
1
Let g be (30/(-35))/(2/(-14)). Suppose -2*k + g*k + 48 = 0. Let d = k + 17. What is the units digit of d?
5
Let a(q) = q**2 + 5*q + 6. Let z be a(-5). What is the units digit of z/(4 + 200/(-52))?
9
Suppose -t + v = -3*v - 38, v = 5*t - 152. What is the tens digit of t?
3
Suppose -3*y - 39 - 24 = -f, -3*f + 201 = -5*y. What is the tens digit of f?
7
Suppose -2*i = 4*n + 16, 7*i - 3*i + 3*n + 12 = 0. Suppose i = -2*z + 117 - 29. What is the units digit of z?
4
Suppose 13 = q - 59. What is the units digit of q?
2
What is the tens digit of (-3850)/(-121) + 2/11?
3
Suppose 0*a = 8*a - 664. What is the units digit of a?
3
Let k = 14 + -23. Let r = -5 - k. What is the units digit of r?
4
Let c(q) = -q**3 - q**2 + q. Let i be c(-2). Suppose 0 = -b - 3*p + 3, 0 = -i*b + 2*p - 7*p + 6. What is the units digit of b?
3
Let x(j) = 2*j + 1. Let f(k) = -k**2 + 8*k + 8. Let h be f(7). What is the tens digit of x(h)?
3
Let f = -2 - -2. Suppose f = -0*k - k + 5. Suppose j + 3*r = -j + k, -4*r + 16 = 4*j. What is the units digit of j?
7
Let z(y) = 3*y**2 - 90*y + 35. What is the units digit of z(30)?
5
Suppose -2*n + 3*i = -108, 3*n - 2*i + 3*i = 162. Let u = n + -32. What is the units digit of u?
2
Suppose -25 = 5*l, -4*w - l + 485 = -558. What is the hundreds digit of w?
2
Let t(y) = -y**2 - 8*y. Suppose -3*f + 39 = -4*z, 2*z + 2*f = -0 - 2. What is the tens digit of t(z)?
1
Let d(q) = -q**2 - 5*q + 3. Let h be d(-4). Let w = 11 - h. Suppose 6 = -s + w*s. What is the units digit of s?
2
Suppose -3*l - 36 = z + 1, z = -5*l - 61. Let g be 194/22 + 2/11. Let o = g - l. What is the units digit of o?
1
Let m = 65 + -37. What is the tens digit of m?
2
What is the units digit of (-44)/(-15)*(-27)/18*-40?
6
Let d = 115 - 54. What is the units digit of d?
1
Suppose 30*r = 31*r + 48. Let s = r - -84. What is the tens digit of s?
3
Let i be ((-24)/(-36))/(2/6). Let f(u) be the first derivative of 3*u**4/4 - 2*u**3/3 - u**2 + u + 1. What is the units digit of f(i)?
3
Suppose -3*w + 5*w = 0. Suppose w*c - 3 = c. Let a = 14 + c. What is the tens digit of a?
1
Let x = 453 + -308. What is the tens digit of x?
4
Suppose -5*a = 4*q - 222, 4*q - 203 = a + 31. What is the units digit of q?
8
Suppose 6*d - 71 - 379 = 0. What is the tens digit of d?
7
Suppose 2*h - h = 2. Suppose -h*i + 35 = -25. What is the tens digit of i?
3
Suppose -8*f + 325 = -3. What is the units digit of f?
1
Suppose 0*g = -g + 4. Suppose -2*o + g = -6*o. What is the units digit of (o/(-1))/(4/20)?
5
Suppose -62 = -2*i - 5*v, 6*v = 5*v + 2. What is the tens digit of i?
2
Suppose -3*p - 1 = 2. Let z(f) = -f + 1. Let n be z(p). Suppose i + 0*t = t - n, -2*i + 4*t = 14. What is the units digit of i?
3
Let m = 4 + -14. Let f = m - -13. What is the units digit of f?
3
Let u(t) = t + 8. Suppose 0 = 2*q - 4*j + 32, -54 = 3*q + 2*q + 3*j. Let m be u(q). Let l = m + 6. What is the units digit of l?
2
Let g = 485 - 339. What is the hundreds digit of g?
1
Let a be (9/(-3))/((-1)/3). Let r = a + -3. What is the units digit of r?
6
Let g(y) = 5*y**2 + y + 14. What is the tens digit of g(-5)?
3
Suppose 0 = f, 3*m - 4*f - 6 = f. Let a = 1 - m. What is the units digit of a*2 - 10/(-2)?
3
Let m(s) = 2*s**2 - 2*s - 1. Let n(h) = h - 5. Let t be n(7). Let u be m(t). Suppose -q - 5*f - 26 = -4*q, -14 = -q + u*f. What is the units digit of q?
2
Let n(k) = 9*k**2 - 5*k - 22. What is the units digit of n(-3)?
4
Suppose 3*t - 326 = 277. What is the units digit of t?
1
Suppose -m = m - 8. Let g = 10 - m. What is the units digit of g?
6
Suppose 0 = 4*o - p - 13, -5 = p - 4. Suppose o*f + 3*g = 18, -2*g + 17 = 3*f - 0*g. What is the units digit of f?
5
Suppose 0 = 3*a + m - 40, -a - 4*m + 4 = m. What is the tens digit of a?
1
Let p(h) = -h**3 + 6*h**2 - 2*h. Let c be p(3). Suppose 0*w + c = 3*w. What is the units digit of w?
7
Suppose 0 = v - 1 - 8. Suppose -7*f - 76 = -v*f. What is the units digit of f?
8
Suppose 362 = 5*r - 0*r - a, -4*a = 3*r - 231. What is the units digit of r?
3
Let c = 4 + -7. What is the units digit of c - (0 + 2 - 13)?
8
Let l(r) = -r - 9. Suppose -3*u - 9 = 0, -3*u - 67 = 3*o - 28. What is the units digit of l(o)?
1
Suppose 0 = -3*h + 4*h - 12. Let a = -1 + h. What is the units digit of a?
1
Let h be 10 - 7/(21/(-6)). Suppose -16 = -z + h. What is the units digit of z?
8
Let k(u) = -u**3 - 2*u**2 - 14*u - 8. What is the units digit of k(-6)?
0
Suppose 0 = m + n + 1 - 2, 4*m = -5*n. Suppose -4*s - 46 = -3*u, 13 = -5*u + m*s + 83. Suppose 15 = -3*r, u = 5*f + 3*r - 0*r. What is the units digit of f?
5
Let a(m) = 3*m**2 + 6. Let t(c) = 1. Let l(q) = a(q) - 6*t(q). Let g be l(-1). Suppose -5*h - 67 = -g*s, 0 = s + 4*h + 9 - 3. What is the units digit of s?
4
Let l(m) = -m**3 - 7*m**2 + 8*m + 11. What is the units digit of l(-8)?
1
Let v(p) = 2*p**2 - 10*p + 8. What is the units digit of v(8)?
6
Let g(b) be the third derivative of -b**5/60 + 11*b**4/24 + 11*b**3/6 + 2*b**2. What is the tens digit of g(11)?
1
What is the units digit of (-7 - 61)*3/(-12)?
7
Suppose 0 = -h - 4*w + 5*w + 27, -4*w + 90 = 5*h. Suppose h + 2 = 4*i. Suppose 3*c - i = -0. What is the units digit of c?
2
Suppose -5*i = 30 + 20. Let t be (-4)/10 - 54/i. Let k = 2 + t. What is the units digit of k?
7
Suppose -4 = u + 3*u. Let d be -1*u/(-2)*0. Suppose 2*z + d*z - 4 = 0. What is the units digit of z?
2
Let p(x) be the second derivative of x**5/20 - x**4/3 - 5*x**3/6 + x**2/2 + 3*x. What is the units digit of p(5)?
1
Suppose -2*a = 4*a - 90. Suppose -108 + 27 = -2*x + l, -5*l = -a. What is the units digit of x?
2
Let t be (1/2)/(3/(-42)). Let u = -5 - t. Suppose u*b + b + 8 = q, -3*q = -b - 16. What is the units digit of q?
5
Let d be 0 - (2 + -2) - 0. Suppose -3*y - 5*v + 143 = 0, -2*v = y - d*v - 48. Suppose 4*k = 2*n + y, 3*k - 14 = 2*k + n. What is the units digit of k?
9
Let x(p) = 7*p + 6. Let m be x(7). Let y = m + -32. What is the tens digit of y?
2
Suppose 3*u - 637 + 190 = 0. What is the units digit of u?
9
Suppose 5*w + 19 = o, 2*o + 3*w = -0*o - 1. Suppose 97 + 15 = o*t. What is the units digit of t?
8
Let q = 33 + -6. Let f be ((-4)/(-5))/((-2)/45). Let v = q + f. What is the units digit of v?
9
Let b(p) = -p**2 - 7*p - 5. Suppose 0*l + 21 = -3*l - 2*s, -3*s = 9. Let w be b(l). What is the units digit of 0 + 5/(w/2)?